 is 2 + ac?
b0
In base 2, what is 101010 + 1010?
110100
In base 16, what is -3 - 13?
-16
In base 7, what is 646 - -6?
655
In base 7, what is -10 + -15?
-25
In base 4, what is -22 + -123?
-211
In base 8, what is -16270 + 1?
-16267
In base 8, what is 21 + -174?
-153
In base 14, what is 2a - 6?
24
In base 5, what is -10 + -413?
-423
In base 13, what is 18 + 8?
23
In base 15, what is -4 - -4?
0
In base 10, what is 959 + 1?
960
In base 14, what is 12 + 15a?
16c
In base 12, what is 208 + -2?
206
In base 14, what is 5 + 1b9?
1c0
In base 4, what is -1023 - -223?
-200
In base 15, what is 2 + -9cd?
-9cb
In base 9, what is 1 - -44?
45
In base 15, what is 2 + 45d?
460
In base 5, what is -31 + -14?
-100
In base 11, what is -17 - 5?
-21
In base 10, what is 24 - -28?
52
In base 12, what is 78 + -5?
73
In base 10, what is -1 - -8?
7
In base 4, what is 1 + -2131?
-2130
In base 2, what is -100 + 10010010?
10001110
In base 4, what is -2312 - -331?
-1321
In base 3, what is -10101 + -10?
-10111
In base 10, what is -177 - -3?
-174
In base 4, what is 1001 - -102?
1103
In base 8, what is 15 + 7?
24
In base 11, what is -10 - -3?
-8
In base 7, what is -25110 - -5?
-25102
In base 8, what is -4 + -13?
-17
In base 14, what is -ba - 1?
-bb
In base 2, what is 101110 + -100?
101010
In base 10, what is 3565 + 1?
3566
In base 7, what is 4616 + -1?
4615
In base 16, what is -16d - -2?
-16b
In base 13, what is 6c2 + 1?
6c3
In base 6, what is -2241 + 0?
-2241
In base 6, what is 442 - 2?
440
In base 16, what is -6 - -7?
1
In base 11, what is 15 + 606?
620
In base 16, what is -7c + c?
-70
In base 3, what is -11111 - -1101?
-10010
In base 3, what is -11 + -22?
-110
In base 9, what is -2 - -6102?
6100
In base 10, what is -39 + 0?
-39
In base 3, what is -1 - 12021?
-12022
In base 12, what is 2 + 51?
53
In base 4, what is 2 + -1211?
-1203
In base 7, what is -5 - 206?
-214
In base 6, what is 511 + 1?
512
In base 7, what is 2 - -63?
65
In base 11, what is -1 + 74?
73
In base 16, what is -35f - 5?
-364
In base 5, what is 10 + 234034?
234044
In base 9, what is 10 - 28?
-18
In base 12, what is -3 - -38?
35
In base 16, what is 5 + 15?
1a
In base 7, what is 10 - 120?
-110
In base 6, what is -1205 - 5?
-1214
In base 3, what is 211101 + 12?
211120
In base 10, what is -1 + 232?
231
In base 7, what is 61 - 24?
34
In base 15, what is 52e + -2?
52c
In base 3, what is -12 - 1120022?
-1120111
In base 9, what is -11 + -358?
-370
In base 7, what is -4 - -134?
130
In base 15, what is 4 + -6b5?
-6b1
In base 6, what is 235 + -3?
232
In base 13, what is -540 - -2?
-53b
In base 10, what is -36432 - 3?
-36435
In base 6, what is -11042 - -5?
-11033
In base 5, what is -1 - 14?
-20
In base 11, what is -9 + -20?
-29
In base 4, what is -133 + 311?
112
In base 13, what is -8 - 196?
-1a1
In base 14, what is 0 + c3?
c3
In base 15, what is b + -3?
8
In base 6, what is 0 + 10020?
10020
In base 15, what is -1 - -e2?
e1
In base 6, what is -2502 + -3?
-2505
In base 13, what is -20 - 4?
-24
In base 11, what is -34 - 36?
-6a
In base 2, what is -10010 + 111?
-1011
In base 16, what is -1080 + 3?
-107d
In base 5, what is -12104 - -2?
-12102
In base 3, what is 0 - 22120200?
-22120200
In base 8, what is -12 + -27?
-41
In base 12, what is 23 - 37?
-14
In base 2, what is -11110 + -10100101?
-11000011
In base 5, what is -11132 + 3?
-11124
In base 14, what is aa + 6?
b2
In base 9, what is -8 - -128?
120
In base 2, what is 110111010000 + 101?
110111010101
In base 3, what is 0 - -111110?
111110
In base 4, what is -11 - -220?
203
In base 14, what is 0 + 977?
977
In base 16, what is 3 - -58?
5b
In base 11, what is 139 + -1?
138
In base 11, what is -53 - -24?
-2a
In base 16, what is 21ee - -5?
21f3
In base 15, what is e + -1?
d
In base 16, what is -3 - 2e?
-31
In base 3, what is 11 + 102111?
102122
In base 7, what is -34 + 1?
-33
In base 8, what is -130 - 2?
-132
In base 16, what is 4 + 1a7?
1ab
In base 6, what is 3 + 214?
221
In base 9, what is 208 + -4?
204
In base 14, what is cd - -4?
d3
In base 3, what is -10002 + -10012?
-20021
In base 16, what is -199 + -7?
-1a0
In base 10, what is 20 - -10?
30
In base 5, what is 3 + -10004?
-10001
In base 8, what is 2 + 174?
176
In base 4, what is 11 - 21303?
-21232
In base 15, what is -5 - 1893?
-1898
In base 7, what is 12 + -50?
-35
In base 2, what is 10111 + 101?
11100
In base 7, what is 0 + -423?
-423
In base 8, what is -3 + -144?
-147
In base 4, what is 30 - 1323?
-1233
In base 7, what is -52 + -3?
-55
In base 9, what is 4 + 23?
27
In base 3, what is -12 - -122?
110
In base 7, what is -325 + -5?
-333
In base 15, what is -4 - 24?
-28
In base 11, what is -3 - 49?
-51
In base 10, what is 889 + 4?
893
In base 12, what is -11b - 16?
-135
In base 9, what is -32 + 0?
-32
In base 12, what is 19 + 149?
166
In base 3, what is 220100 + 1?
220101
In base 11, what is -1 - -3a?
39
In base 5, what is 103 - -42?
200
In base 14, what is 1 + 8?
9
In base 10, what is 1 - -108?
109
In base 5, what is 4 + -203?
-144
In base 13, what is 6a - 5?
65
In base 13, what is 5 - -14c?
154
In base 4, what is -200123 - 21?
-200210
In base 15, what is ed - 4a?
a3
In base 13, what is 4b - bc?
-71
In base 4, what is -10201 - -120?
-10021
In base 6, what is 15 - -35?
54
In base 12, what is 73 + -5?
6a
In base 11, what is a0 + -5?
96
In base 5, what is -4 + -2321?
-2330
In base 9, what is 66 - -5?
72
In base 13, what is 15 - -6?
1b
In base 5, what is -10 - -10432?
10422
In base 2, what is 0 - 10010?
-10010
In base 3, what is 100122210 - -2?
100122212
In base 7, what is -12404 + 0?
-12404
In base 13, what is 814 + -6?
80b
In base 6, what is 245 - -2?
251
In base 6, what is -2125 + 4?
-2121
In base 8, what is -2 - -231?
227
In base 8, what is -126 - -5?
-121
In base 3, what is 0 - 110121?
-110121
In base 3, what is -110221 - 1?
-110222
In base 10, what is 1 - 51?
-50
In base 8, what is 63 - 0?
63
In base 4, what is -1 - -1213?
1212
In base 7, what is -2 - 641?
-643
In base 6, what is 233 - 23?
210
In base 5, what is 2 + -13333?
-13331
In base 6, what is -2 + -2345?
-2351
In base 12, what is 35 - -4?
39
In base 4, what is -2 + 2013?
2011
In base 12, what is -15 + -13?
-28
In base 8, what is 371 - 40?
331
In base 12, what is -2 - 3447?
-3449
In base 6, what is -10234 + 2?
-10232
In base 5, what is 2223 + -2?
2221
In base 9, what is 1612 - 17?
1584
In base 12, what is 97 + -14?
83
In base 5, what is -1 + 131?
130
In base 6, what is 1 - 10241?
-10240
In base 12, what is -6 + -7a?
-84
In base 7, what is -21 + 11?
-10
In base 4, what is -22 - 2?
-30
In base 5, what is -1313 + 200?
-1113
In base 3, what is 0 + 100?
100
In base 11, what is -223 - -3?
-220
In base 13, what is 165 - -3?
168
In base 8, what is -3 - -66?
63
In base 12, what is 13 + -146?
-133
In base 11, what is -215 + -68?
-282
In base 12, what is a24 + -5?
a1b
In base 3, what is 11 - -2122?
2210
In base 8, what is -4 + -31?
-35
In base 10, what is 1094 - -9?
1103
In base 3, what is -1 - -22?
21
In base 12, what is -28 - 9?
-35
In base 4, what is -1 - 21213?
-21220
In base 15, what is 8 + 2b?
34
In base 4, what is -302 + 23?
-213
In base 3, what is -10000221 + -1?
-10000222
In base 9, what is -301 - 15?
-316
In base 2, what is -110001010010 + 11?
-110001001111
In base 10, what is -13182 - -3?
-13179
In base 16, what is 3 - 19?
-16
In base 6, what is 54 + -2?
52
In base 14, what is 90c + 0?
90c
In base 11, what is 7 - -105?
111
In base 4, what is 3 + 22232?
22301
In base 14, what is 4 - -26?
2a
In base 16, what is 349 - 4?
345
In base 3, what is 12 + 0?
12
In base 6, what is -1132 - 3?
-1135
In base 13, what is -b + 2?
-9
In base 8, what is 43 + -5?
36
In base 9, what is -2 - 116?
-118
In base 10, what is 49 - -14?
63
In base 2, what is 100000101 - -111100?
101000001
In base 3, what is -2 + 212012?
212010
In base 12, what is b + 3a?
49
In base 14, what is -17 + -6?
-1d
In base 11, what is 2 - 2247?
-2245
In base 9, what is -2 - -1515?
1513
In base 11, what is -20 - 878?
-898
In base 6, what is 3 + 2134?
2141
In base 4, what is 101 + -2332?
-2231
In base 8, what is 5 - -26?
33
In base 5, what is -2 - -31?
24
In base 12, what is -32 - -21?
-11
In base 9, what is 77 + 7?
85
In base 7, what is 61625 + 3?
61631
In base 2, what is -10001 + -1001?
-11010
In base 11, what is 22 